{"id":10824,"date":"2023-08-18T21:44:00","date_gmt":"2023-08-18T21:44:00","guid":{"rendered":"https:\/\/sanbenitosanteria.com\/?post_type=product&#038;p=10824"},"modified":"2026-03-24T14:22:01","modified_gmt":"2026-03-24T14:22:01","slug":"emulsion-corporal","status":"publish","type":"product","link":"https:\/\/sanbenitosanteria.com\/index.php\/product\/emulsion-corporal\/","title":{"rendered":"Emulsi\u00f3n Corporal"},"content":{"rendered":"","protected":false},"excerpt":{"rendered":"<p>Activada con polen natural de flores, aloe vera y vitamina A.<\/p>\n<p>Es una preparaci\u00f3n muy fluida de f\u00e1cil dispersi\u00f3n, dotada de propiedades naturales otorgadas por el polen que humecta y suaviza la piel. Notablemente eficaz para cortar el resecamiento de la epidermis, manteni\u00e9ndola fresca y juvenil. Se indica para todo tipo de cutis, pudi\u00e9ndose aplicar varias veces al d\u00eda, tambi\u00e9n como base de maquillaje.<\/p>\n","protected":false},"featured_media":10825,"template":"","meta":{"_joinchat":[]},"product_brand":[],"product_cat":[108,114],"product_tag":[],"class_list":{"0":"post-10824","1":"product","2":"type-product","3":"status-publish","4":"has-post-thumbnail","6":"product_cat-franciscanos","7":"product_cat-lociones","9":"first","10":"instock","11":"shipping-taxable","12":"purchasable","13":"product-type-simple"},"_links":{"self":[{"href":"https:\/\/sanbenitosanteria.com\/index.php\/wp-json\/wp\/v2\/product\/10824","targetHints":{"allow":["GET"]}}],"collection":[{"href":"https:\/\/sanbenitosanteria.com\/index.php\/wp-json\/wp\/v2\/product"}],"about":[{"href":"https:\/\/sanbenitosanteria.com\/index.php\/wp-json\/wp\/v2\/types\/product"}],"version-history":[{"count":3,"href":"https:\/\/sanbenitosanteria.com\/index.php\/wp-json\/wp\/v2\/product\/10824\/revisions"}],"predecessor-version":[{"id":10869,"href":"https:\/\/sanbenitosanteria.com\/index.php\/wp-json\/wp\/v2\/product\/10824\/revisions\/10869"}],"wp:featuredmedia":[{"embeddable":true,"href":"https:\/\/sanbenitosanteria.com\/index.php\/wp-json\/wp\/v2\/media\/10825"}],"wp:attachment":[{"href":"https:\/\/sanbenitosanteria.com\/index.php\/wp-json\/wp\/v2\/media?parent=10824"}],"wp:term":[{"taxonomy":"product_brand","embeddable":true,"href":"https:\/\/sanbenitosanteria.com\/index.php\/wp-json\/wp\/v2\/product_brand?post=10824"},{"taxonomy":"product_cat","embeddable":true,"href":"https:\/\/sanbenitosanteria.com\/index.php\/wp-json\/wp\/v2\/product_cat?post=10824"},{"taxonomy":"product_tag","embeddable":true,"href":"https:\/\/sanbenitosanteria.com\/index.php\/wp-json\/wp\/v2\/product_tag?post=10824"}],"curies":[{"name":"wp","href":"https:\/\/api.w.org\/{rel}","templated":true}]}}