{"id":10881,"date":"2023-09-18T21:08:13","date_gmt":"2023-09-18T21:08:13","guid":{"rendered":"https:\/\/sanbenitosanteria.com\/?post_type=product&#038;p=10881"},"modified":"2026-04-03T21:54:51","modified_gmt":"2026-04-03T21:54:51","slug":"jalea-real-pura-en-capsulas","status":"publish","type":"product","link":"https:\/\/sanbenitosanteria.com\/index.php\/product\/jalea-real-pura-en-capsulas\/","title":{"rendered":"Jalea real pura en C\u00e1psulas"},"content":{"rendered":"","protected":false},"excerpt":{"rendered":"<p>Jalea Real en c\u00e1psulas de 500mg, enriquecido con Vitaminas B1, B2 y B6.<br \/>\nEnvase con 30 c\u00e1psulas<\/p>\n<p>Una c\u00e1psula x d\u00eda equivale a la dosis de toma diaria de la jalea real fresca. Cada envase provee 30 d\u00edas (un mes de tratamiento)<br \/>\nDe cuidada elaboraci\u00f3n artesanal por Religiosos Misioneros Franciscanos<\/p>\n<p>Excepcional Reconstituyente general, y revitalizante.<br \/>\nAumenta la capacidad f\u00edsica e intelectual y quita la sensaci\u00f3n de fatiga<br \/>\nMejora la memoria<br \/>\nCombate la arteriosclerosis, especialmente cerebral<br \/>\nPromueve una acci\u00f3n rejuvenecedora<br \/>\nEjerce una acci\u00f3n tonificante sobre el coraz\u00f3n, la anemia, asma bronquial y card\u00edaca. Asimismo en las afecciones hep\u00e1ticas, renales y en los trastornos coronarios.<\/p>\n","protected":false},"featured_media":10882,"template":"","meta":{"_joinchat":[]},"product_brand":[],"product_cat":[117,108],"product_tag":[],"class_list":{"0":"post-10881","1":"product","2":"type-product","3":"status-publish","4":"has-post-thumbnail","6":"product_cat-derivados-de-la-colmena","7":"product_cat-franciscanos","9":"first","10":"instock","11":"featured","12":"shipping-taxable","13":"purchasable","14":"product-type-simple"},"_links":{"self":[{"href":"https:\/\/sanbenitosanteria.com\/index.php\/wp-json\/wp\/v2\/product\/10881","targetHints":{"allow":["GET"]}}],"collection":[{"href":"https:\/\/sanbenitosanteria.com\/index.php\/wp-json\/wp\/v2\/product"}],"about":[{"href":"https:\/\/sanbenitosanteria.com\/index.php\/wp-json\/wp\/v2\/types\/product"}],"version-history":[{"count":2,"href":"https:\/\/sanbenitosanteria.com\/index.php\/wp-json\/wp\/v2\/product\/10881\/revisions"}],"predecessor-version":[{"id":10884,"href":"https:\/\/sanbenitosanteria.com\/index.php\/wp-json\/wp\/v2\/product\/10881\/revisions\/10884"}],"wp:featuredmedia":[{"embeddable":true,"href":"https:\/\/sanbenitosanteria.com\/index.php\/wp-json\/wp\/v2\/media\/10882"}],"wp:attachment":[{"href":"https:\/\/sanbenitosanteria.com\/index.php\/wp-json\/wp\/v2\/media?parent=10881"}],"wp:term":[{"taxonomy":"product_brand","embeddable":true,"href":"https:\/\/sanbenitosanteria.com\/index.php\/wp-json\/wp\/v2\/product_brand?post=10881"},{"taxonomy":"product_cat","embeddable":true,"href":"https:\/\/sanbenitosanteria.com\/index.php\/wp-json\/wp\/v2\/product_cat?post=10881"},{"taxonomy":"product_tag","embeddable":true,"href":"https:\/\/sanbenitosanteria.com\/index.php\/wp-json\/wp\/v2\/product_tag?post=10881"}],"curies":[{"name":"wp","href":"https:\/\/api.w.org\/{rel}","templated":true}]}}