{"id":10916,"date":"2023-09-22T14:39:28","date_gmt":"2023-09-22T14:39:28","guid":{"rendered":"https:\/\/sanbenitosanteria.com\/?post_type=product&#038;p=10916"},"modified":"2026-03-24T14:22:48","modified_gmt":"2026-03-24T14:22:48","slug":"jabon-de-tocador-con-propoleo","status":"publish","type":"product","link":"https:\/\/sanbenitosanteria.com\/index.php\/product\/jabon-de-tocador-con-propoleo\/","title":{"rendered":"Jab\u00f3n de Tocador con Prop\u00f3leo"},"content":{"rendered":"","protected":false},"excerpt":{"rendered":"<p>Jab\u00f3n de Prop\u00f3leos Puro en barra x 100g<br \/>\nDe cuidada elaboraci\u00f3n artesanal por Religiosos Misioneros Franciscanos<\/p>\n<p>A base de prop\u00f3leo<br \/>\nAl usarlo en la higiene diaria previene la transmisi\u00f3n de enfermedades producidas por bacterias y hongos. Es indispensable en el tratamiento del acn\u00e9, prurito, psoriasis y dermatitis . Controla los hongos en la micosis como el pie de atleta. Act\u00faa como desodorante en la higiene corporal e \u00edntima.<br \/>\nPreviene infecciones producidas por bacterias y hongos, dermatitis.<br \/>\nContiene principios activos que ejercen un efecto reconstituyente y oxigenante en la piel fatigada.<br \/>\nDesinfecta y humecta.<\/p>\n","protected":false},"featured_media":10918,"template":"","meta":{"_joinchat":[]},"product_brand":[],"product_cat":[108,115],"product_tag":[],"class_list":{"0":"post-10916","1":"product","2":"type-product","3":"status-publish","4":"has-post-thumbnail","6":"product_cat-franciscanos","7":"product_cat-jabones","9":"first","10":"instock","11":"shipping-taxable","12":"purchasable","13":"product-type-simple"},"_links":{"self":[{"href":"https:\/\/sanbenitosanteria.com\/index.php\/wp-json\/wp\/v2\/product\/10916","targetHints":{"allow":["GET"]}}],"collection":[{"href":"https:\/\/sanbenitosanteria.com\/index.php\/wp-json\/wp\/v2\/product"}],"about":[{"href":"https:\/\/sanbenitosanteria.com\/index.php\/wp-json\/wp\/v2\/types\/product"}],"version-history":[{"count":2,"href":"https:\/\/sanbenitosanteria.com\/index.php\/wp-json\/wp\/v2\/product\/10916\/revisions"}],"predecessor-version":[{"id":12717,"href":"https:\/\/sanbenitosanteria.com\/index.php\/wp-json\/wp\/v2\/product\/10916\/revisions\/12717"}],"wp:featuredmedia":[{"embeddable":true,"href":"https:\/\/sanbenitosanteria.com\/index.php\/wp-json\/wp\/v2\/media\/10918"}],"wp:attachment":[{"href":"https:\/\/sanbenitosanteria.com\/index.php\/wp-json\/wp\/v2\/media?parent=10916"}],"wp:term":[{"taxonomy":"product_brand","embeddable":true,"href":"https:\/\/sanbenitosanteria.com\/index.php\/wp-json\/wp\/v2\/product_brand?post=10916"},{"taxonomy":"product_cat","embeddable":true,"href":"https:\/\/sanbenitosanteria.com\/index.php\/wp-json\/wp\/v2\/product_cat?post=10916"},{"taxonomy":"product_tag","embeddable":true,"href":"https:\/\/sanbenitosanteria.com\/index.php\/wp-json\/wp\/v2\/product_tag?post=10916"}],"curies":[{"name":"wp","href":"https:\/\/api.w.org\/{rel}","templated":true}]}}