{"id":10925,"date":"2023-09-22T14:46:46","date_gmt":"2023-09-22T14:46:46","guid":{"rendered":"https:\/\/sanbenitosanteria.com\/?post_type=product&#038;p=10925"},"modified":"2026-03-24T14:25:01","modified_gmt":"2026-03-24T14:25:01","slug":"jabon-liquido","status":"publish","type":"product","link":"https:\/\/sanbenitosanteria.com\/index.php\/product\/jabon-liquido\/","title":{"rendered":"Jab\u00f3n L\u00edquido"},"content":{"rendered":"","protected":false},"excerpt":{"rendered":"<p>Jab\u00f3n L\u00edquido x 250cc<br \/>\nActivado con prop\u00f3leo y miel delicada y sutil fragancia.<br \/>\nCosm\u00e9tica Natural activada con productos ap\u00edcolas.<\/p>\n<p>Ideal para la higiene diaria, mantiene la humedad natural de la piel y la suaviza. Con todas las bondades del prop\u00f3leo y la miel.<\/p>\n","protected":false},"featured_media":10926,"template":"","meta":{"_joinchat":[]},"product_brand":[],"product_cat":[108,115],"product_tag":[],"class_list":{"0":"post-10925","1":"product","2":"type-product","3":"status-publish","4":"has-post-thumbnail","6":"product_cat-franciscanos","7":"product_cat-jabones","9":"first","10":"instock","11":"shipping-taxable","12":"purchasable","13":"product-type-simple"},"_links":{"self":[{"href":"https:\/\/sanbenitosanteria.com\/index.php\/wp-json\/wp\/v2\/product\/10925","targetHints":{"allow":["GET"]}}],"collection":[{"href":"https:\/\/sanbenitosanteria.com\/index.php\/wp-json\/wp\/v2\/product"}],"about":[{"href":"https:\/\/sanbenitosanteria.com\/index.php\/wp-json\/wp\/v2\/types\/product"}],"version-history":[{"count":3,"href":"https:\/\/sanbenitosanteria.com\/index.php\/wp-json\/wp\/v2\/product\/10925\/revisions"}],"predecessor-version":[{"id":12715,"href":"https:\/\/sanbenitosanteria.com\/index.php\/wp-json\/wp\/v2\/product\/10925\/revisions\/12715"}],"wp:featuredmedia":[{"embeddable":true,"href":"https:\/\/sanbenitosanteria.com\/index.php\/wp-json\/wp\/v2\/media\/10926"}],"wp:attachment":[{"href":"https:\/\/sanbenitosanteria.com\/index.php\/wp-json\/wp\/v2\/media?parent=10925"}],"wp:term":[{"taxonomy":"product_brand","embeddable":true,"href":"https:\/\/sanbenitosanteria.com\/index.php\/wp-json\/wp\/v2\/product_brand?post=10925"},{"taxonomy":"product_cat","embeddable":true,"href":"https:\/\/sanbenitosanteria.com\/index.php\/wp-json\/wp\/v2\/product_cat?post=10925"},{"taxonomy":"product_tag","embeddable":true,"href":"https:\/\/sanbenitosanteria.com\/index.php\/wp-json\/wp\/v2\/product_tag?post=10925"}],"curies":[{"name":"wp","href":"https:\/\/api.w.org\/{rel}","templated":true}]}}