{"id":10941,"date":"2023-09-22T16:11:04","date_gmt":"2023-09-22T16:11:04","guid":{"rendered":"https:\/\/sanbenitosanteria.com\/?post_type=product&#038;p=10941"},"modified":"2026-03-24T14:08:24","modified_gmt":"2026-03-24T14:08:24","slug":"crema-para-manos","status":"publish","type":"product","link":"https:\/\/sanbenitosanteria.com\/index.php\/product\/crema-para-manos\/","title":{"rendered":"Crema para Manos"},"content":{"rendered":"","protected":false},"excerpt":{"rendered":"<p>Crema para manos:<\/p>\n<p>Activada con polen natural de flores, rosa mosqueta y aloe vera.<\/p>\n<p>Es un preparado de acci\u00f3n suavizante y emoliente que protege la piel expuesta, otorg\u00e1ndole elasticidad y tersura. Se recomienda adem\u00e1s para suavizar los brazos y asperezas de los codos. Puede usarse tantas veces como se desee.<\/p>\n","protected":false},"featured_media":10942,"template":"","meta":{"_joinchat":[]},"product_brand":[],"product_cat":[116,108],"product_tag":[],"class_list":{"0":"post-10941","1":"product","2":"type-product","3":"status-publish","4":"has-post-thumbnail","6":"product_cat-cremas","7":"product_cat-franciscanos","9":"first","10":"instock","11":"shipping-taxable","12":"purchasable","13":"product-type-simple"},"_links":{"self":[{"href":"https:\/\/sanbenitosanteria.com\/index.php\/wp-json\/wp\/v2\/product\/10941","targetHints":{"allow":["GET"]}}],"collection":[{"href":"https:\/\/sanbenitosanteria.com\/index.php\/wp-json\/wp\/v2\/product"}],"about":[{"href":"https:\/\/sanbenitosanteria.com\/index.php\/wp-json\/wp\/v2\/types\/product"}],"version-history":[{"count":3,"href":"https:\/\/sanbenitosanteria.com\/index.php\/wp-json\/wp\/v2\/product\/10941\/revisions"}],"predecessor-version":[{"id":11952,"href":"https:\/\/sanbenitosanteria.com\/index.php\/wp-json\/wp\/v2\/product\/10941\/revisions\/11952"}],"wp:featuredmedia":[{"embeddable":true,"href":"https:\/\/sanbenitosanteria.com\/index.php\/wp-json\/wp\/v2\/media\/10942"}],"wp:attachment":[{"href":"https:\/\/sanbenitosanteria.com\/index.php\/wp-json\/wp\/v2\/media?parent=10941"}],"wp:term":[{"taxonomy":"product_brand","embeddable":true,"href":"https:\/\/sanbenitosanteria.com\/index.php\/wp-json\/wp\/v2\/product_brand?post=10941"},{"taxonomy":"product_cat","embeddable":true,"href":"https:\/\/sanbenitosanteria.com\/index.php\/wp-json\/wp\/v2\/product_cat?post=10941"},{"taxonomy":"product_tag","embeddable":true,"href":"https:\/\/sanbenitosanteria.com\/index.php\/wp-json\/wp\/v2\/product_tag?post=10941"}],"curies":[{"name":"wp","href":"https:\/\/api.w.org\/{rel}","templated":true}]}}