{"id":12349,"date":"2026-02-16T15:35:11","date_gmt":"2026-02-16T15:35:11","guid":{"rendered":"https:\/\/sanbenitosanteria.com\/?post_type=product&#038;p=12349"},"modified":"2026-02-16T15:35:11","modified_gmt":"2026-02-16T15:35:11","slug":"cunero-metal-angel-de-la-guarda","status":"publish","type":"product","link":"https:\/\/sanbenitosanteria.com\/index.php\/product\/cunero-metal-angel-de-la-guarda\/","title":{"rendered":"Cunero Metal \u00c1ngel de la Guarda"},"content":{"rendered":"","protected":false},"excerpt":{"rendered":"<p data-start=\"0\" data-end=\"37\">Cunero \u00c1ngel de la Guarda Metal<\/p>\n<p data-start=\"39\" data-end=\"248\">Delicado cunero circular confeccionado en metal plateado, con ilustraci\u00f3n central del \u00c1ngel de la Guarda en tonos suaves. Incluye cinta de raso blanca para colgar f\u00e1cilmente en la cuna, mois\u00e9s o pared.<\/p>\n<p data-start=\"39\" data-end=\"248\">Se presenta en caja de regalo, con tarjetita que incluye una oraci\u00f3n en el dorso.<\/p>\n","protected":false},"featured_media":12351,"template":"","meta":{"_joinchat":[]},"product_brand":[],"product_cat":[140,141],"product_tag":[],"class_list":{"0":"post-12349","1":"product","2":"type-product","3":"status-publish","4":"has-post-thumbnail","6":"product_cat-articulos-infantiles","7":"product_cat-cuneros","9":"first","10":"instock","11":"shipping-taxable","12":"purchasable","13":"product-type-variable"},"_links":{"self":[{"href":"https:\/\/sanbenitosanteria.com\/index.php\/wp-json\/wp\/v2\/product\/12349","targetHints":{"allow":["GET"]}}],"collection":[{"href":"https:\/\/sanbenitosanteria.com\/index.php\/wp-json\/wp\/v2\/product"}],"about":[{"href":"https:\/\/sanbenitosanteria.com\/index.php\/wp-json\/wp\/v2\/types\/product"}],"version-history":[{"count":2,"href":"https:\/\/sanbenitosanteria.com\/index.php\/wp-json\/wp\/v2\/product\/12349\/revisions"}],"predecessor-version":[{"id":12360,"href":"https:\/\/sanbenitosanteria.com\/index.php\/wp-json\/wp\/v2\/product\/12349\/revisions\/12360"}],"wp:featuredmedia":[{"embeddable":true,"href":"https:\/\/sanbenitosanteria.com\/index.php\/wp-json\/wp\/v2\/media\/12351"}],"wp:attachment":[{"href":"https:\/\/sanbenitosanteria.com\/index.php\/wp-json\/wp\/v2\/media?parent=12349"}],"wp:term":[{"taxonomy":"product_brand","embeddable":true,"href":"https:\/\/sanbenitosanteria.com\/index.php\/wp-json\/wp\/v2\/product_brand?post=12349"},{"taxonomy":"product_cat","embeddable":true,"href":"https:\/\/sanbenitosanteria.com\/index.php\/wp-json\/wp\/v2\/product_cat?post=12349"},{"taxonomy":"product_tag","embeddable":true,"href":"https:\/\/sanbenitosanteria.com\/index.php\/wp-json\/wp\/v2\/product_tag?post=12349"}],"curies":[{"name":"wp","href":"https:\/\/api.w.org\/{rel}","templated":true}]}}