{"id":12587,"date":"2026-02-18T15:25:27","date_gmt":"2026-02-18T15:25:27","guid":{"rendered":"https:\/\/sanbenitosanteria.com\/?post_type=product&#038;p=12587"},"modified":"2026-04-03T21:58:29","modified_gmt":"2026-04-03T21:58:29","slug":"medallon-yeso-san-benito","status":"publish","type":"product","link":"https:\/\/sanbenitosanteria.com\/index.php\/product\/medallon-yeso-san-benito\/","title":{"rendered":"Medall\u00f3n Yeso San Benito"},"content":{"rendered":"","protected":false},"excerpt":{"rendered":"<p data-start=\"60\" data-end=\"168\">Medall\u00f3n de San Benito, realizado en yeso y elaborado artesanalmente por un artista nacional especializado en arte sacro.<\/p>\n<p data-start=\"170\" data-end=\"350\">Presenta un dise\u00f1o en relieve con detalles cuidadosamente trabajados que resaltan la tradicional cruz y las inscripciones caracter\u00edsticas de la medalla, s\u00edmbolo de fe y protecci\u00f3n.<\/p>\n<ul>\n<li data-start=\"352\" data-end=\"423\">Disponible en tres tama\u00f1os<\/li>\n<li data-start=\"352\" data-end=\"423\">Colores disponibles a consultar<\/li>\n<\/ul>\n<p>Cada pieza es \u00fanica debido a su proceso artesanal.<\/p>\n","protected":false},"featured_media":12592,"template":"","meta":{"_joinchat":[]},"product_brand":[],"product_cat":[119,121],"product_tag":[],"class_list":{"0":"post-12587","1":"product","2":"type-product","3":"status-publish","4":"has-post-thumbnail","6":"product_cat-articulos-de-santeria","7":"product_cat-medallones","9":"first","10":"instock","11":"featured","12":"shipping-taxable","13":"purchasable","14":"product-type-variable"},"_links":{"self":[{"href":"https:\/\/sanbenitosanteria.com\/index.php\/wp-json\/wp\/v2\/product\/12587","targetHints":{"allow":["GET"]}}],"collection":[{"href":"https:\/\/sanbenitosanteria.com\/index.php\/wp-json\/wp\/v2\/product"}],"about":[{"href":"https:\/\/sanbenitosanteria.com\/index.php\/wp-json\/wp\/v2\/types\/product"}],"version-history":[{"count":3,"href":"https:\/\/sanbenitosanteria.com\/index.php\/wp-json\/wp\/v2\/product\/12587\/revisions"}],"predecessor-version":[{"id":12611,"href":"https:\/\/sanbenitosanteria.com\/index.php\/wp-json\/wp\/v2\/product\/12587\/revisions\/12611"}],"wp:featuredmedia":[{"embeddable":true,"href":"https:\/\/sanbenitosanteria.com\/index.php\/wp-json\/wp\/v2\/media\/12592"}],"wp:attachment":[{"href":"https:\/\/sanbenitosanteria.com\/index.php\/wp-json\/wp\/v2\/media?parent=12587"}],"wp:term":[{"taxonomy":"product_brand","embeddable":true,"href":"https:\/\/sanbenitosanteria.com\/index.php\/wp-json\/wp\/v2\/product_brand?post=12587"},{"taxonomy":"product_cat","embeddable":true,"href":"https:\/\/sanbenitosanteria.com\/index.php\/wp-json\/wp\/v2\/product_cat?post=12587"},{"taxonomy":"product_tag","embeddable":true,"href":"https:\/\/sanbenitosanteria.com\/index.php\/wp-json\/wp\/v2\/product_tag?post=12587"}],"curies":[{"name":"wp","href":"https:\/\/api.w.org\/{rel}","templated":true}]}}