{"id":13143,"date":"2026-04-04T15:06:10","date_gmt":"2026-04-04T15:06:10","guid":{"rendered":"https:\/\/sanbenitosanteria.com\/?post_type=product&#038;p=13143"},"modified":"2026-04-04T20:57:03","modified_gmt":"2026-04-04T20:57:03","slug":"decenario-grueso-acero-san-benito","status":"publish","type":"product","link":"https:\/\/sanbenitosanteria.com\/index.php\/product\/decenario-grueso-acero-san-benito\/","title":{"rendered":"Decenario Grueso Acero San Benito"},"content":{"rendered":"","protected":false},"excerpt":{"rendered":"<p>Decenario acero quir\u00fargico San Benito.<\/p>\n<p>Decenario confeccionado en acero quir\u00fargico, ideal para uso diario. Incluye medalla de San Benito con la tradicional cruz y simbolog\u00eda caracter\u00edstica, adem\u00e1s de cruz colgante a tono, formando un dise\u00f1o sobrio y significativo.<\/p>\n<p data-start=\"427\" data-end=\"529\">Un decenario es es un\u00a0peque\u00f1o rosario con diez cuentas y una cruz, utilizado en la tradici\u00f3n cat\u00f3lica para rezar diez Ave Mar\u00edas.<\/p>\n","protected":false},"featured_media":13141,"template":"","meta":{"_joinchat":[]},"product_brand":[],"product_cat":[119,130],"product_tag":[],"class_list":{"0":"post-13143","1":"product","2":"type-product","3":"status-publish","4":"has-post-thumbnail","6":"product_cat-articulos-de-santeria","7":"product_cat-rosarios","9":"first","10":"instock","11":"shipping-taxable","12":"purchasable","13":"product-type-simple"},"_links":{"self":[{"href":"https:\/\/sanbenitosanteria.com\/index.php\/wp-json\/wp\/v2\/product\/13143","targetHints":{"allow":["GET"]}}],"collection":[{"href":"https:\/\/sanbenitosanteria.com\/index.php\/wp-json\/wp\/v2\/product"}],"about":[{"href":"https:\/\/sanbenitosanteria.com\/index.php\/wp-json\/wp\/v2\/types\/product"}],"version-history":[{"count":2,"href":"https:\/\/sanbenitosanteria.com\/index.php\/wp-json\/wp\/v2\/product\/13143\/revisions"}],"predecessor-version":[{"id":13241,"href":"https:\/\/sanbenitosanteria.com\/index.php\/wp-json\/wp\/v2\/product\/13143\/revisions\/13241"}],"wp:featuredmedia":[{"embeddable":true,"href":"https:\/\/sanbenitosanteria.com\/index.php\/wp-json\/wp\/v2\/media\/13141"}],"wp:attachment":[{"href":"https:\/\/sanbenitosanteria.com\/index.php\/wp-json\/wp\/v2\/media?parent=13143"}],"wp:term":[{"taxonomy":"product_brand","embeddable":true,"href":"https:\/\/sanbenitosanteria.com\/index.php\/wp-json\/wp\/v2\/product_brand?post=13143"},{"taxonomy":"product_cat","embeddable":true,"href":"https:\/\/sanbenitosanteria.com\/index.php\/wp-json\/wp\/v2\/product_cat?post=13143"},{"taxonomy":"product_tag","embeddable":true,"href":"https:\/\/sanbenitosanteria.com\/index.php\/wp-json\/wp\/v2\/product_tag?post=13143"}],"curies":[{"name":"wp","href":"https:\/\/api.w.org\/{rel}","templated":true}]}}