{"id":13441,"date":"2026-04-11T15:56:53","date_gmt":"2026-04-11T15:56:53","guid":{"rendered":"https:\/\/sanbenitosanteria.com\/?post_type=product&#038;p=13441"},"modified":"2026-04-11T15:56:54","modified_gmt":"2026-04-11T15:56:54","slug":"rosario-plata-virgen-nina-plata","status":"publish","type":"product","link":"https:\/\/sanbenitosanteria.com\/index.php\/product\/rosario-plata-virgen-nina-plata\/","title":{"rendered":"Rosario Plata Virgen Ni\u00f1a Plata"},"content":{"rendered":"","protected":false},"excerpt":{"rendered":"<p>Este delicado rosario est\u00e1 elaborado \u00edntegramente en plata 925, con cuentas de brillo sutil y una estructura resistente que asegura la durabilidad de una pieza calidad. El dise\u00f1o se destaca por su centro con la medalla de la Virgen Ni\u00f1a y una cruz, es un objeto de devoci\u00f3n ideal para la oraci\u00f3n diaria o para ser entregado como un regalo inolvidable en bautismos, primeras comuniones o nacimientos.<\/p>\n","protected":false},"featured_media":13442,"template":"","meta":{"_joinchat":[]},"product_brand":[],"product_cat":[119,130],"product_tag":[],"class_list":{"0":"post-13441","1":"product","2":"type-product","3":"status-publish","4":"has-post-thumbnail","6":"product_cat-articulos-de-santeria","7":"product_cat-rosarios","9":"first","10":"instock","11":"shipping-taxable","12":"purchasable","13":"product-type-simple"},"_links":{"self":[{"href":"https:\/\/sanbenitosanteria.com\/index.php\/wp-json\/wp\/v2\/product\/13441","targetHints":{"allow":["GET"]}}],"collection":[{"href":"https:\/\/sanbenitosanteria.com\/index.php\/wp-json\/wp\/v2\/product"}],"about":[{"href":"https:\/\/sanbenitosanteria.com\/index.php\/wp-json\/wp\/v2\/types\/product"}],"version-history":[{"count":1,"href":"https:\/\/sanbenitosanteria.com\/index.php\/wp-json\/wp\/v2\/product\/13441\/revisions"}],"predecessor-version":[{"id":13447,"href":"https:\/\/sanbenitosanteria.com\/index.php\/wp-json\/wp\/v2\/product\/13441\/revisions\/13447"}],"wp:featuredmedia":[{"embeddable":true,"href":"https:\/\/sanbenitosanteria.com\/index.php\/wp-json\/wp\/v2\/media\/13442"}],"wp:attachment":[{"href":"https:\/\/sanbenitosanteria.com\/index.php\/wp-json\/wp\/v2\/media?parent=13441"}],"wp:term":[{"taxonomy":"product_brand","embeddable":true,"href":"https:\/\/sanbenitosanteria.com\/index.php\/wp-json\/wp\/v2\/product_brand?post=13441"},{"taxonomy":"product_cat","embeddable":true,"href":"https:\/\/sanbenitosanteria.com\/index.php\/wp-json\/wp\/v2\/product_cat?post=13441"},{"taxonomy":"product_tag","embeddable":true,"href":"https:\/\/sanbenitosanteria.com\/index.php\/wp-json\/wp\/v2\/product_tag?post=13441"}],"curies":[{"name":"wp","href":"https:\/\/api.w.org\/{rel}","templated":true}]}}