{"id":13476,"date":"2026-04-11T19:08:44","date_gmt":"2026-04-11T19:08:44","guid":{"rendered":"https:\/\/sanbenitosanteria.com\/?post_type=product&#038;p=13476"},"modified":"2026-04-11T19:08:44","modified_gmt":"2026-04-11T19:08:44","slug":"conjunto-plata-inflada-con-oro","status":"publish","type":"product","link":"https:\/\/sanbenitosanteria.com\/index.php\/product\/conjunto-plata-inflada-con-oro\/","title":{"rendered":"Conjunto Plata Inflada con Oro"},"content":{"rendered":"","protected":false},"excerpt":{"rendered":"<p>El conjunto est\u00e1 compuesto por un dije de plata 925 inflada con un dubl\u00e9 central en oro, que resalta por su relieve y brillo. Viene acompa\u00f1ado de una cadena de eslabones delicados tambi\u00e9n realizada en plata 925, que complementa perfectamente el volumen del dije.<\/p>\n","protected":false},"featured_media":13477,"template":"","meta":{"_joinchat":[]},"product_brand":[],"product_cat":[119,288,292],"product_tag":[],"class_list":{"0":"post-13476","1":"product","2":"type-product","3":"status-publish","4":"has-post-thumbnail","6":"product_cat-articulos-de-santeria","7":"product_cat-collares","8":"product_cat-conjuntos","10":"first","11":"instock","12":"shipping-taxable","13":"purchasable","14":"product-type-simple"},"_links":{"self":[{"href":"https:\/\/sanbenitosanteria.com\/index.php\/wp-json\/wp\/v2\/product\/13476","targetHints":{"allow":["GET"]}}],"collection":[{"href":"https:\/\/sanbenitosanteria.com\/index.php\/wp-json\/wp\/v2\/product"}],"about":[{"href":"https:\/\/sanbenitosanteria.com\/index.php\/wp-json\/wp\/v2\/types\/product"}],"version-history":[{"count":1,"href":"https:\/\/sanbenitosanteria.com\/index.php\/wp-json\/wp\/v2\/product\/13476\/revisions"}],"predecessor-version":[{"id":13479,"href":"https:\/\/sanbenitosanteria.com\/index.php\/wp-json\/wp\/v2\/product\/13476\/revisions\/13479"}],"wp:featuredmedia":[{"embeddable":true,"href":"https:\/\/sanbenitosanteria.com\/index.php\/wp-json\/wp\/v2\/media\/13477"}],"wp:attachment":[{"href":"https:\/\/sanbenitosanteria.com\/index.php\/wp-json\/wp\/v2\/media?parent=13476"}],"wp:term":[{"taxonomy":"product_brand","embeddable":true,"href":"https:\/\/sanbenitosanteria.com\/index.php\/wp-json\/wp\/v2\/product_brand?post=13476"},{"taxonomy":"product_cat","embeddable":true,"href":"https:\/\/sanbenitosanteria.com\/index.php\/wp-json\/wp\/v2\/product_cat?post=13476"},{"taxonomy":"product_tag","embeddable":true,"href":"https:\/\/sanbenitosanteria.com\/index.php\/wp-json\/wp\/v2\/product_tag?post=13476"}],"curies":[{"name":"wp","href":"https:\/\/api.w.org\/{rel}","templated":true}]}}